of 347?
347
List the prime factors of 32779.
32779
List the prime factors of 1698.
2, 3, 283
What are the prime factors of 21537?
3, 2393
What are the prime factors of 30665?
5, 6133
List the prime factors of 78929.
78929
List the prime factors of 95403.
3, 7, 11, 59
List the prime factors of 7715.
5, 1543
What are the prime factors of 38030?
2, 5, 3803
What are the prime factors of 1611?
3, 179
What are the prime factors of 2758?
2, 7, 197
What are the prime factors of 185?
5, 37
List the prime factors of 10236.
2, 3, 853
List the prime factors of 941.
941
List the prime factors of 6953.
17, 409
List the prime factors of 30440.
2, 5, 761
List the prime factors of 14686.
2, 7, 1049
List the prime factors of 23463.
3, 11, 79
List the prime factors of 16515.
3, 5, 367
What are the prime factors of 1588?
2, 397
What are the prime factors of 50138?
2, 11, 43, 53
List the prime factors of 4163.
23, 181
List the prime factors of 2378.
2, 29, 41
What are the prime factors of 8327?
11, 757
What are the prime factors of 9168?
2, 3, 191
List the prime factors of 60525.
3, 5, 269
List the prime factors of 36207.
3, 149
List the prime factors of 3448.
2, 431
List the prime factors of 18462.
2, 3, 17, 181
List the prime factors of 1158.
2, 3, 193
What are the prime factors of 630?
2, 3, 5, 7
List the prime factors of 18517.
18517
What are the prime factors of 24457?
37, 661
List the prime factors of 5535.
3, 5, 41
What are the prime factors of 3122?
2, 7, 223
What are the prime factors of 11754?
2, 3, 653
List the prime factors of 943.
23, 41
What are the prime factors of 1659?
3, 7, 79
List the prime factors of 823.
823
List the prime factors of 5485.
5, 1097
What are the prime factors of 4185?
3, 5, 31
List the prime factors of 6030.
2, 3, 5, 67
What are the prime factors of 2457?
3, 7, 13
List the prime factors of 380.
2, 5, 19
What are the prime factors of 6015?
3, 5, 401
List the prime factors of 6207.
3, 2069
What are the prime factors of 92895?
3, 5, 11, 563
List the prime factors of 60461.
103, 587
What are the prime factors of 69977?
19, 29, 127
What are the prime factors of 3665?
5, 733
List the prime factors of 572.
2, 11, 13
List the prime factors of 25447.
25447
List the prime factors of 9734.
2, 31, 157
List the prime factors of 23554.
2, 11777
List the prime factors of 1459.
1459
What are the prime factors of 2368?
2, 37
List the prime factors of 564.
2, 3, 47
What are the prime factors of 8072?
2, 1009
What are the prime factors of 582?
2, 3, 97
List the prime factors of 37181.
37181
List the prime factors of 2346.
2, 3, 17, 23
List the prime factors of 4422.
2, 3, 11, 67
What are the prime factors of 24062?
2, 53, 227
What are the prime factors of 1274?
2, 7, 13
What are the prime factors of 3463?
3463
What are the prime factors of 34086?
2, 3, 13, 19, 23
What are the prime factors of 458?
2, 229
What are the prime factors of 7593?
3, 2531
What are the prime factors of 73656?
2, 3, 11, 31
List the prime factors of 29741.
29741
What are the prime factors of 3067?
3067
What are the prime factors of 977?
977
What are the prime factors of 19054?
2, 7, 1361
List the prime factors of 20411.
20411
List the prime factors of 882.
2, 3, 7
What are the prime factors of 10417?
11, 947
List the prime factors of 6143.
6143
What are the prime factors of 846?
2, 3, 47
List the prime factors of 17160.
2, 3, 5, 11, 13
List the prime factors of 51952.
2, 17, 191
What are the prime factors of 767?
13, 59
What are the prime factors of 64420?
2, 5, 3221
List the prime factors of 32847.
3, 10949
What are the prime factors of 1302?
2, 3, 7, 31
What are the prime factors of 19905?
3, 5, 1327
List the prime factors of 14558.
2, 29, 251
List the prime factors of 10807.
101, 107
What are the prime factors of 14143?
14143
List the prime factors of 13499.
13499
What are the prime factors of 19959?
3, 6653
What are the prime factors of 10399?
10399
List the prime factors of 1388.
2, 347
What are the prime factors of 28665?
3, 5, 7, 13
List the prime factors of 1665.
3, 5, 37
List the prime factors of 1963.
13, 151
What are the prime factors of 18?
2, 3
What are the prime factors of 11000?
2, 5, 11
List the prime factors of 16062.
2, 3, 2677
What are the prime factors of 2496?
2, 3, 13
What are the prime factors of 5085?
3, 5, 113
List the prime factors of 67453.
67453
What are the prime factors of 16549?
13, 19, 67
What are the prime factors of 97?
97
List the prime factors of 276.
2, 3, 23
List the prime factors of 3619.
7, 11, 47
What are the prime factors of 1642?
2, 821
List the prime factors of 6446.
2, 11, 293
List the prime factors of 23760.
2, 3, 5, 11
What are the prime factors of 7501?
13, 577
List the prime factors of 8602.
2, 11, 17, 23
List the prime factors of 197.
197
List the prime factors of 54445.
5, 10889
What are the prime factors of 26301?
3, 11, 797
What are the prime factors of 228?
2, 3, 19
List the prime factors of 705.
3, 5, 47
List the prime factors of 2501.
41, 61
List the prime factors of 745.
5, 149
List the prime factors of 1134.
2, 3, 7
List the prime factors of 244.
2, 61
List the prime factors of 1460.
2, 5, 73
What are the prime factors of 745?
5, 149
What are the prime factors of 252?
2, 3, 7
List the prime factors of 1719.
3, 191
List the prime factors of 844.
2, 211
What are the prime factors of 56471?
149, 379
List the prime factors of 463.
463
List the prime factors of 2991.
3, 997
List the prime factors of 617.
617
List the prime factors of 4271.
4271
What are the prime factors of 726?
2, 3, 11
What are the prime factors of 3487?
11, 317
What are the prime factors of 502?
2, 251
List the prime factors of 20153.
7, 2879
What are the prime factors of 28776?
2, 3, 11, 109
What are the prime factors of 24987?
3, 8329
What are the prime factors of 1776?
2, 3, 37
What are the prime factors of 1986?
2, 3, 331
List the prime factors of 2245.
5, 449
What are the prime factors of 1752?
2, 3, 73
List the prime factors of 2707.
2707
What are the prime factors of 56796?
2, 3, 4733
List the prime factors of 8208.
2, 3, 19
What are the prime factors of 29889?
3, 41
List the prime factors of 23347.
37, 631
What are the prime factors of 1611?
3, 179
List the prime factors of 1244.
2, 311
What are the prime factors of 2028?
2, 3, 13
List the prime factors of 874.
2, 19, 23
What are the prime factors of 77563?
77563
List the prime factors of 19545.
3, 5, 1303
What are the prime factors of 140387?
13, 10799
List the prime factors of 1087.
1087
List the prime factors of 31910.
2, 5, 3191
What are the prime factors of 31761?
3, 3529
What are the prime factors of 108336?
2, 3, 37, 61
List the prime factors of 6496.
2, 7, 29
List the prime factors of 762.
2, 3, 127
What are the prime factors of 1054?
2, 17, 31
List the prime factors of 7181.
43, 167
List the prime factors of 3689.
7, 17, 31
List the prime factors of 901.
17, 53
What are the prime factors of 5152?
2, 7, 23
What are the prime factors of 164332?
2, 7, 5869
What are the prime factors of 15557?
47, 331
What are the prime factors of 86649?
3, 17, 1699
List the prime factors of 17020.
2, 5, 23, 37
What are the prime factors of 13764?
2, 3, 31, 37
What are the prime factors of 10934?
2, 7, 11, 71
What are the prime factors of 1228?
2, 307
What are the prime factors of 7113?
3, 2371
What are the prime factors of 7908?
2, 3, 659
What are the prime factors of 5179?
5179
List the prime factors of 20816.
2, 1301
What are the prime factors of 12887?
7, 263
List the prime factors of 55120.
2, 5, 13, 53
List the prime factors of 2390.
2, 5, 239
What are the prime factors of 12535?
5, 23, 109
List the prime factors of 1683.
3, 11, 17
What are the prime factors of 2461?
23, 107
List the prime factors of 18242.
2, 7, 1303
What are the prime factors of 6331?
13, 487
What are the prime factors of 6711?
3, 2237
What are the prime factors of 7471?
31, 241
What are the prime factors of 20495?
5, 4099
List the prime factors of 1037.
17, 61
List the prime factors of 3198.
2, 3, 13, 41
What are the prime factors of 17211?
3, 5737
List the prime factors of 7527.
3, 13, 193
What are the prime factors of 42934?
2, 21467
What are the prime factors of 1392?
2, 3, 29
List the prime factors of 1023.
3, 11, 31
List 